
28 - ((-305 - -308) + -4 + 1)
28
Evaluate 30 - (64 - (-1 - -22)).
-13
Evaluate 2 - 31 - (124 + -139).
-14
(26 + -47 - -22) + -35
-34
Evaluate 17 - (12 + -4 + 4).
5
-5 - (-1 + 2) - (-43 - -24)
13
Calculate (2 - 3) + -3 - (46 - 46).
-4
What is the value of 2 + (-5 + (8 - 2) - 6) - 3?
-6
What is -20 - -38 - (2 - 4 - -5)?
15
Evaluate -4 + 2 - (6 + 2 + (25 - 45)).
10
Calculate (-4 - 3) + (-53 - -16 - -23).
-21
Calculate -46 - (-42 - -20) - -21.
-3
What is 8 - ((3 - 0) + 0 + 31 + -29)?
3
What is the value of 4 - -1 - (-9 - (10 - 18)) - -16?
22
What is -51 + 53 - ((-2 - -1) + 3 + -6)?
6
What is 3 - 5 - -3 - (0 + 3 + -1)?
-1
Evaluate (-5 + -5 + -4 - -39) + -2 + -4.
19
What is the value of 1 + -7 + (17 - 11)?
0
-6 - (-4 + 0 - ((-1 - -7) + 2))
6
Evaluate 19 + (27 - 77) + 13.
-18
What is the value of (9 + -2 - 7 - -6 - 4) + 1?
3
What is (14 - -26) + -15 + -53?
-28
What is the value of -17 - (-32 + 25) - (-2 + 1 - 2)?
-7
Evaluate 192 - 195 - (-1 + 12) - -26.
12
5 + 8 + (-30 - -18)
1
(-1 - -12 - 33) + 6
-16
What is the value of 23 - 37 - (0 + -4)?
-10
What is 8 + 20 - (5 + 3)?
20
Calculate -5 + -11 + (-10 - (-2 + -11)).
-13
What is (20 - (-1 - -4)) + -27?
-10
17 - (1 - 0) - (5 - 1)
12
What is -8 + (3 + -6 + 3 - -1)?
-7
What is the value of -13 + 0 + 0 + (-11 - 2)?
-26
15 - (-3 - (10 + -22 + (9 - 3)))
12
What is the value of 1 + 3 + (5 + -6 + 11 - 10)?
4
What is the value of 6 + -14 + -16 + 17?
-7
Calculate 0 + 11 - ((32 + -37 - -22) + -23).
17
Evaluate -12 - (-2 - (-2 + (-2 - -8) + 3)).
-3
Evaluate -7 - -10 - (-19 + 25).
-3
What is the value of -3 + -1 - (-10 + -21 - -13)?
14
2 - (3 + 0) - ((6 - 17) + 4)
6
Evaluate -5 + (1 - -1 - -20 - 7).
10
What is the value of 30 + (-3 - -3) - 9?
21
-60 + (36 - -28) - (-1 + 19)
-14
Calculate -6 + 2 + (1 + 0 - (16 - 13)).
-6
-43 - ((-27 - -15) + -18)
-13
Calculate -1 - (29 - (13 + (-3 - 19))).
-39
What is the value of (-11 + 16 - 5) + 1 + 4 - 3?
2
Evaluate 33 - (17 - (-25 - 3)).
-12
Calculate 443 - 404 - (68 + 5).
-34
Calculate 590 + -589 + (-1 - (-2 + 6) - 0).
-4
26 - 22 - (-13 - 2) - 3
16
What is (-1 - 15) + -5 + 16 + -3?
-8
Calculate 4 - (2 + -1 + (62 - 68) - 6).
15
Calculate (28 - 27) + (-2 - (-12 + 1)).
10
What is -30 - -27 - (-16 + (-4 + 2 - -4))?
11
Evaluate (-43 - (-76 - -35)) + -5.
-7
What is 0 - (6 - 3) - 2 - (105 - 134)?
24
(1 - (-2 - 2 - -6)) + (-10 - -15)
4
Evaluate -26 + 14 + (-5 - (-5 - -1)).
-13
Calculate (8 - (16 + 3)) + 1 + -9.
-19
What is the value of -3 + (-1 - -2) - (51 - 55)?
2
Evaluate 10 + (-34 - -20 - 11).
-15
Evaluate (2 - -12) + (15 - (24 + (-3 - 15))).
23
What is 1 + (-11 - 1) - (-181 + 166)?
4
Evaluate (14 - -28 - 25) + -5 + 0 + 0.
12
What is 1 + (9 - 11) + 8?
7
Calculate 47 + -16 + -18 + 5 + 1 + 6.
25
Evaluate -7 + -3 - -11 - -17.
18
Calculate -5 - (1 + -2 - (3 - (-13 - -16))).
-4
(-50 - -62) + -27 + -1 + 1
-15
Evaluate -3 + 1 + 32 - (-15 - 12 - -24).
33
(-8 + 10 - -1) + 2 + -1
4
Calculate (-7 + 5 - -8) + -3 - 14.
-11
Evaluate 0 + 27 + 0 + 2 + (-11 - -11).
29
Evaluate (-21 - -1) + (-38 - -46).
-12
0 + 0 - (-2 + -3)
5
Evaluate 33 + (-19 - (-14 - -21)).
7
What is (-1 - (-3 - -1)) + 7 - (16 - 11)?
3
Calculate (-7 - -33) + (26 - 33).
19
Calculate (4 - (-17 + 34)) + 6 - 19.
-26
Evaluate 9 + (-52 + 30 - (-3 - (10 - 3))).
-3
What is the value of 3 + 21 + 8 + -3?
29
What is -18 - (26 + (5 - 19) - 12)?
-18
2 + (7 - (8 + -6)) + -13
-6
What is -5 - (18 - 38 - (-1 + -9))?
5
Evaluate -35 + 21 + 20 - (-2 + 1 + 7).
0
2 + 13 + -51 + (20 - 2)
-18
Calculate -117 - -87 - (1 - 33).
2
What is the value of (14 - 12 - -7) + (0 - 13)?
-4
Calculate ((11 - 5) + -7 - 0) + 2 + 14.
15
(-11 - (-23 + 3)) + 4
13
What is 3 + -5 - (7 - -2 - (-3 + 8))?
-6
What is (-1 - (1 - 37)) + (84 - (-21 + 112))?
28
Calculate 0 + -11 + -3 + 6 - (48 - 48).
-8
Evaluate (-1 - -17) + (7 - 10) + 0.
13
What is the value of (14 - (-7 - (-10 - -4 - 4))) + 0?
11
What is 0 + (-2 - -1) + 31 + 22 + -45?
7
What is the value of -26 + 28 - (14 - -1) - (-7 + 4)?
-10
Evaluate -3 + -4 + 10 - -9 - (3 - 0).
9
What is the value of 2 - ((4 - 10) + 5 + -5)?
8
What is the value of (-9 - (10 + -3)) + 5?
-11
What is the value of -23 + (17 - 14) + -5 + (10 - 0)?
-15
What is the value of -13 - (-54 + 29 - -20)?
-8
Calculate -6 + (-2 - (-1 + (2 - (7 + -8)))).
-10
What is 1 + -30 - (199 + -188) - -9?
-31
Calculate 14 + (-1 - 5 - (-12 - -13)).
7
What is the value of 9 - (-26 + 54) - (-2 + 10)?
-27
Evaluate -21 - (14 - (-4 - -24)).
-15
Calculate -6 + 6 + 9 + -20.
-11
Evaluate 11 - 19 - (-4 - (-14 + 7)).
-11
What is the value of 26 - (-3 + 27 + -31)?
33
Calculate -11 - (12 - 28 - -19 - (0 + 2)).
-12
What is -1 + 3 + 12 + (3 - (4 + 5))?
8
Calculate (-4 - (-10 - 0)) + (-3 + 3 - 2).
4
What is the value of -31 - (26 + (-69 - 10))?
22
(2 - -1 - -5) + -23 + 19
4
Evaluate 3 - 6 - -3 - (-2 - 10).
12
-7 + 0 + 7 + -4 + (-11 - -6)
-9
What is 13 + -2 - (4 - 0)?
7
9 + 16 - (22 - 3)
6
What is the value of 1 + 4 + -598 + 578?
-15
What is -15 + 8 - (1 + (0 - 2 - -2))?
-8
What is the value of -1 + 0 - -16 - (19 + -36 + 21)?
11
Evaluate (32 - 2) + (-692 - -639).
-23
Evaluate 534 + -535 - (-1 + 1).
-1
-17 + (81 - 40) + -7
17
7 - ((0 - 9) + 9 + 3)
4
Calculate 28 - (-14 - -42 - 7 - 7).
14
What is -3 + (8 + -11 - 6)?
-12
Calculate (14 - -7 - 9) + -18.
-6
What is 1 + -34 + 17 + 15?
-1
Evaluate (-13 - -1) + -3 + (5 - 4 - -7).
-7
Calculate 11 + (7 - ((2 - -14) + -9)).
11
Calculate (6 - (37 - 20)) + -7.
-18
24 + -41 + 26 + -1 + -3
5
Evaluate 12 + (3 + 3 + 6 + -12 - -3).
15
-25 - (-24 + 9) - (-10 + 0)
0
-3 + -11 + 6 + 7 + 8
7
Evaluate -32 + 35 - (0 - 1).
4
1 + 3 - (1 + 0) - 1 - -5
7
Calculate 6 + -6 + -20 + -2 + 12.
-10
Evaluate -1 + (-7 - -5) - ((1 - -6) + 5).
-15
Evaluate 40 + 2 + (-274 - -236).
4
10 - ((-5 - -13) + 6)
-4
Evaluate -19 - (-29 + (-7 - -1)).
16
-60 + -36 + -34 + 100
-30
What is -3 + 18 - 27 - -3?
-9
What is the value of (54 - 48) + (-14 - -1) - (-6 + -6)?
5
Evaluate -12 + -15 + 13 + 22.
8
Calculate (21 - 49) + (22 - 19).
-25
Calculate 0 + (4 + -2 + 3 - (-8 + 16)).
-3
What is the value of (19 - 19) + -4 + 1 + (0 - -2)?
-1
7 + (-3 - -3) + (6 - (-3 + 4))
12
216 - 213 - (0 + 32)
-29
What is the value of (-5 - (7 - 2)) + 2 + 20?
12
-10 - (6 - (8 - -4 - -12))
8
Calculate (-5 - 4) + 2 - (-35 - -26).
2
Calculate -8 + 1 - ((-31 - -3) + 15).
6
Evaluate 18 + (-37 - -18) + 11 + -16.
-6
Evaluate 10 + (0 - ((4 - -1) + -5)).
10
What is -2 + (19 - 17) - -11?
11
-15 - (-2 - 13) - 6 - -9
3
What is the value of -5 + 1 + (1 - 2) + 34 + -31?
-2
Calculate -8 + (6 - 8) + 16.
6
What is the value of (-4 + 10 - 26) + 3 - -10?
-7
What is the value of -15 + -21 + 0 - -44?
8
Calculate 25 + 0 + -25 + -2 + -11.
-13
Evaluate -10 - (-22 + 7 - -15).
-10
(-7 - -11) + -8 - -11 - (20 + -1)
-12
What is (2 - (-1 - 3) - (-122 - -119)) + 4?
13
(172 - 167) + (-1 - (-2 + 1))
5
Evaluate 3 - (37 - (8 - -58)).
32
Evaluate (244 - 238) + 4 + (1 + -1 - -1).
11
11 - (-8 - -4) - (2 - (10 - 10))
13
Calculate (2 - 1) + 8 + 0 + -12 + 3.
0
(1 - 9) + (0 - 11)
-19
10 + 4 + (0 - (8 - 3)) + -4
5
-10 + -9 - -8 - (-5 - -2)
-8
Evaluate -7 - (9 - (-5 + 16)) - -7.
2
(-15 + 17 - -2 - -9) + 8
21
What is -2 + (-17 + 14 - 1)?
-6
-4 - (-10 - -32 - 15)
-11
What is the value of (-6 - 8) + 20 - (0 + -7 + 1)?
12
What is the value of 4 + 7 + -6 - 1 - 9?
-5
Calculate 4 + (4 + -3 - 1) - 2.
2
20 + 2 + -4 + -6
12
Evaluate 12 + (-9 - -17) - 8 - 46.
-34
Evaluate -3 + 3 + (-12 - -20) - (-31 + 34).
5
6 - 11 - (-112 + 119)
-12
Evaluate 4 - (-23 + 34 - (-5 - (1 - -2))).
-15
What is the value of -7 + (11 - (-11 + 12))?
3
6 - ((9 - 33) + 2)
28
What is the value of -37 + 2 - (-742 + 710)?
-3
What is the value of 31 + -40 - -2 - 25?
-32
What is (-118 - -101) + -2 + -2 + (12 - 11)?
-20
-6 + -14 + (11 - 2) - (-17 + -17)
23
What is -21 - (6 + -53 + 23)?
3
What is the value of 11 + (-7 + -6 - (11 - 34))?
21
Calculate -11 + (29 - 15) + 1 + 5.
9
What is 6 - (-24 + 6) - (10 + -7 + 3)?
18
Calculate -34 + (-10 - (-2 - ((-10 - -23) + -4))).
-33
Evaluate (-13 - -4 - -6) + -4 + -7.
-14
Calculate -35 + 73 - (8 + 0 + 0).
30
Evaluate -5 - (-9 - 8 - (-31 + 3)).
-16
Evaluate 7 + -10 + (0 - -1) + (-25 - -25).
-2
Calculate 22 - (-3 + -1 + (-10 - -1)).
35
Evaluate -2 + 7 + (14 - (-8 - -28)) + -3.
-4
Calculate (6 + (31 - 8) - 8) + -5.
16
-17 + -3 + 10 - -18
8
-12 - (9 - 0 - 23)
2
Ca